culate -1 + 9 - ((-64 - 33) + 88).
17
What is the value of (12 - 10 - -5) + 6 + (-13 - 1)?
-1
What is the value of (7 - -2 - (-7 - -21)) + (-3 - 1)?
-9
Calculate -10 + 3 + -15 + 28 + -17.
-11
-26 + 23 - (4 + -6) - (-9 - -1)
7
Calculate 12 + 2 + -11 + -5 - (10 + -1).
-11
Evaluate 12 - (0 + (17 - 13) - (4 + 0)).
12
What is 6 + 2 + (17 - 21)?
4
Evaluate (-2 - -2) + -1 + -16 + -4 + 6.
-15
Evaluate (12 - 2) + (9 - 12) + -1 + -40.
-34
What is -85 + 63 + ((2 - -3) + 0 - 0)?
-17
What is the value of 8 - -9 - (55 - 43)?
5
What is the value of 0 - (15 + (17 - 27))?
-5
29 - 26 - (-8 + 5 - 8)
14
Evaluate -7 + (-3 + 7 + 4 - 6) + -9.
-14
Evaluate (-6 + 14 - 2) + -15 + 7.
-2
Evaluate -5 - -7 - (12 + 5 + -5).
-10
Calculate -1 + -4 + 21 + -8 + -12 - -12.
8
7 - (1 + -2 + (1 - 18) + 18)
7
Calculate (2 - 5) + (-13 + 3 - -11) + 1.
-1
What is the value of -5 - (-42 - -43) - (-11 + 1)?
4
What is the value of -8 - (-1 + 0) - ((8 - 13) + -8)?
6
-3 + (-12 - -2) + (18 - 9)
-4
What is the value of 5 - 10 - -3 - ((5 - 4) + -2)?
-1
What is the value of (0 - 1) + (26 + -10 - 17)?
-2
What is the value of -786 + 785 + (1 + 0 + 0 - -1)?
1
What is the value of 8 + 12 + -7 + 0 + -5?
8
What is the value of 6 - (13 - (-6 + 6 + -10))?
-17
What is 1 + (-7 - (-9 + 9)) + -1 - -6?
-1
Calculate 0 + (3 + (1 - 7) - (-5 + 4)).
-2
What is the value of 10 - ((10 - 26) + 1 - -32)?
-7
106 + -160 + (1 - -31)
-22
What is (31 - 17) + -1 + -9?
4
What is the value of (10 - (1 - -8)) + 7 - 20?
-12
What is the value of -6 + (-8 - -10) + -6 + (-6 - 0)?
-16
What is the value of 12 - (1 - 4 - -9)?
6
What is 9 - 3 - (0 - -8) - (-1 - -2)?
-3
Calculate (-3 - -2) + (-3 + 4 + -7 - -11).
4
What is -19 + 29 + 1 + -14 - (-3 + 1)?
-1
Evaluate (-16 - (-3 + 3 + -12)) + 24 + -3.
17
What is -1081 - -1116 - (-1 + 17)?
19
39 + (-8 - 9) + (-4 - -5)
23
What is the value of 4 + (14 + -7 - 10) - -6?
7
What is the value of (-20 - -23 - -30) + -25?
8
What is -49 - -50 - ((-3 - -5) + -4)?
3
What is the value of 1 - ((-2 + 2 - -2) + -7)?
6
What is the value of -36 + -2 + (39 - -38)?
39
What is -9 + (-4 - 27) + 24?
-16
Evaluate (8 - 1) + (8 - 1 - (36 - 27)).
5
Calculate -7 + 22 + -8 + -1 - -16.
22
4 + 34 - 27 - -26
37
-9 + -1 + -17 - -12 - -2
-13
Evaluate -1 - (-3 + 9 + -4) - (15 - 29).
11
Calculate (0 - -17) + (4 - 10 - -5).
16
4 + 14 - 29 - -17
6
Calculate -30 + (5 - -18) - 8.
-15
What is the value of -18 + (15 - -4) + -1 + -2 + -2?
-4
Evaluate (6 - (-9 - -20 - 14)) + -22.
-13
What is -1 + -2 - ((29 - 56) + (-11 - -39))?
-4
-25 + 28 + -11 + -27
-35
What is the value of (-24 - -1 - -17) + (1 - 2) + -3?
-10
What is the value of -1 + -13 + 4 + (16 - 16) + 0?
-10
Evaluate -30 + (12 - 10 - -14).
-14
Evaluate (-101 - -107) + -2 + -1.
3
25 - (-14 + 36) - (23 + 1)
-21
-1490 + 1487 + 1 + -13
-15
2 - 11 - (12 + -2 - 3)
-16
What is -43 + 42 - (24 - 10)?
-15
Calculate (2 - 14) + (2 - (-20 + 23)).
-13
14 + 0 + 8 + 30 + -32
20
What is the value of (-8 - -6) + 8 + (-3 - (-2 - -2))?
3
Evaluate -10 - (3 - (19 + -5)).
1
(-1 - 0) + (670 - 655)
14
What is 7 - (-6 + -1 + 21)?
-7
-1 + 2 + -4 + 3 + 7 - 19
-12
What is the value of -16 - (2 + (13 - (47 + 2)))?
18
Calculate 10 - (1 + -2) - (-36 + 26 - -10).
11
Evaluate 5 - (18 + (-29 - -3)).
13
(-62 - -12 - -29) + 24
3
What is the value of 7 + (-13 + (-1 - -23) - (1 + -9))?
24
-65 + 42 + (9 - (5 - 2))
-17
Evaluate -17 + 11 + 4 - 6.
-8
Calculate -3 - (1 + -7 - (-5 - -8)) - 27.
-21
What is -1 - 2 - (-2 - (-14 - -5))?
-10
What is -4 + -5 + 14 + -5?
0
-1 + 0 + -7 + (1967 - 1975)
-16
Evaluate (68 - 39) + -21 - (21 + -1).
-12
What is (3 - -7) + -29 + 20 - 0?
1
-15 + (46 + 2 - 28)
5
What is the value of -1 + 9 + -18 + 16 + 5?
11
What is -3 + 5 + (5 - (0 + 6))?
1
Calculate -6 + 5 + (-2 - -16 - (5 - -1)).
7
What is the value of (-3 + -5 - (-4 + -5 - -2)) + -5?
-6
What is 12 - (7 - (17 - 6) - -11)?
5
Calculate 14 + -2 + -22 + 8.
-2
What is the value of 4 - -7 - 34 - -9?
-14
(12 - (31 + -17 + 11)) + 0
-13
Evaluate 15 + (12 - 12) + (-6 - 0 - -3).
12
What is 3 - (-2 + 8 - (33 - -3) - -5)?
28
12 - -1 - 2 - (25 - (-47 + 75))
14
Evaluate -9 + (1 - -14) - -14.
20
Evaluate 1 - (-10 + 10 - -4) - 1.
-4
(-13 + 15 - -12) + -28 + 10
-4
Calculate -40 + 13 + (27 - 9) + -22.
-31
Evaluate -9 + (13 - 8) + -3.
-7
Evaluate 22 + (-14 + 4 - (7 - (17 - 7))).
15
Calculate (13 - 8) + -2 + 1 + (2 - -3).
9
Evaluate 33 + -13 + -8 + (4 - -2).
18
Calculate (-18 - -11 - 17) + 3.
-21
-9 + -18 + 6 + -1
-22
Evaluate -23 + 51 + -8 + -11.
9
What is the value of -2 + 0 + 27 - (-5 - (17 - 26))?
21
0 + (-22 - (-58 - -20))
16
-21 + 26 - (0 + 21 + -3) - 5
-18
Calculate 6 + (-3 - (6 + -7 - 2)) + -1.
5
Evaluate -27 + 57 - (18 + 2).
10
Evaluate 14 + -21 - (-10 + 4).
-1
Calculate 10 + -10 + -6 - (14 - 5).
-15
Calculate (1 - -1) + -5 + (-7 + 2 - -12).
4
Evaluate -65 + 60 - ((-3 + -2 - 2) + 5).
-3
Evaluate (-20 - 12) + 12 - -11 - 6.
-15
What is the value of 23 + (-32 - -2) + 40?
33
What is the value of -6 + -2 + (-321 - -358)?
29
-1 + 22 + (-7 - (7 + -5))
12
Evaluate (7 + -10 - -9) + -32 - (-2 + -3).
-21
Calculate 26 - (31 - 26) - (-2 - (-6 - -1)).
18
Evaluate (-17 - -12) + -14 + (-13 - -11).
-21
8 + 3 + 1 + -4 + -2
6
What is -6 + (47 - (6 - -37))?
-2
What is the value of -6 + -8 + 0 + -10 + -17 + 26?
-15
What is (-20 - -21) + (-1 - 18)?
-18
What is the value of 3 - (-3 - -13) - (57 - 15 - 38)?
-11
What is the value of 3 - 14 - (7 - ((-10 - -5) + 8))?
-15
Evaluate (-2 - -32) + (1 + -42 - -42).
31
What is the value of -1 + (-9 - (-30 - -18))?
2
Evaluate -27 + -12 + 40 - -16.
17
Evaluate -16 + -25 + 14 + 3 + 12.
-12
Calculate 692 + -689 - (31 - 0).
-28
Evaluate -2 - (10 + -7 + -7 + 1).
1
Calculate 16 + 2 + (-5 - -13 - 8).
18
What is the value of -41 - ((-37 - -60) + -59)?
-5
Calculate (-22 - 5) + 10 - -9.
-8
Calculate 22 - (2 - (-14 - (-2 - 5))) - 7.
6
Evaluate 89 + -95 - (-2 - (1 - (0 - -14))).
-17
Evaluate -24 - (14 - 6 - (4 - (-8 - -1))).
-21
What is 29 - 49 - -29 - ((-1 - -3) + -3)?
10
Evaluate 1 + 5 + (48 - 49).
5
What is -24 + (4 - 3) - (7 + -4 + -11)?
-15
Calculate 3 + -14 + (41 - 23).
7
Calculate (-40 - -36) + (2 + -6 - -14).
6
-19 + (13 - 25) + 18 + -8
-21
53 - (109 - 65) - (45 + 0)
-36
Evaluate -11 - (-19 - 9) - ((-4 - -2) + 11).
8
What is the value of (25 + 5 - 17) + -13?
0
What is the value of (4 + -3 - 1) + 5 + (-14 - -2)?
-7
What is -4 - (4 - 9 - (-4 - (5 + -2)))?
-6
What is the value of -19 + 0 + 0 + 920 + -864?
37
-4 - (3 - 1) - ((-52 - -15) + -5)
36
Calculate -5 - (-5 - 6) - (-11 - -13).
4
What is the value of -1 + (1 - 1) - (25 - 39)?
13
What is (-12 - -22) + -10 + (6 - 25)?
-19
Evaluate (-1 - -13 - 17) + (-3 + 18 - 0).
10
Calculate (12 - 0) + -10 + (-4 + 11 - -22).
31
-1 - 6 - (-9 + (-2 - -5))
-1
What is -13 + -2 + (172 - 130)?
27
Evaluate -164 - -173 - (12 + -1).
-2
Calculate -12 + 21 + 1 + -32.
-22
What is the value of (21 - 13) + (-18 - -2) + 0?
-8
What is the value of 8 + 2 + 1 + (-35 - -8)?
-16
Calculate -5 - -6 - (10 + -24).
15
-6 - -7 - -9 - -3
13
Evaluate 2 + -10 + (-112 - -110).
-10
Calculate (1 - -1 - -5) + 6.
13
3 + 7 - (7 - (35 - 17))
21
-6 + -3 + (12 - 1) - -1
3
Evaluate (-111 - -123) + 4 + (5 - 1).
20
What is the value of -3 + -6 - 26 - (0 + -8 + 4)?
-31
What is the value of (20 - 8) + -3 + 7 + -26?
-10
What is the value of 22 + 1 - 8 - 21?
-6
What is (-9 - (-10 + 8)) + -11 + 9?
-9
What is the value of 13 + 0 + -19 - -9?
3
Calculate 43 + -76 + (10 - ((-1 - -1) + -1)).
-22
Calculate (-6 - -2 - (1 + 3)) + 7.
-1
What is the value of 1 - -27 - (3 - (-4 + (10 - 6)))?
25
What is (-36 - -33) + (1 - (-7 + 2)) - 16?
-13
Calculate -24 + 1 - (-210 - -184).
3
What is the value of -97 + 84 + 0 + (5 - 0)?
-8
What is -22 + 3 - -25 - -23?
29
What is the value of -4 - (4 + (12 - 22))?
2
(-21 + -2 - (-8 + 13 + -8)) + 2
-18
(-86 - -74) + (0 - 0)
-12
What is the value of 8 + (-21 - (-9 - -2)) - 3?
-9
35 + -12 + (10 - 20) - 9 - -17
21
What is 35 - 15 - -1 - (13 - 2)?
10
What is the value of 790 + -790 + (-10 - 0)?
-10
What is -11 - (-101 + 44 - -38)?
8
What is the value of -10 + ((-7 - -3) + 8 - 3)?
-9
21 + (-18 + 23 - 16)
10
-1 + -2 + -2 + (31 - 31)
-5
(-5 - -12 - (-4 - 11)) + -9
13
What is 13 - 10 - 22 - (-36 - -5)?
12
Calculate 3 + 16 + -51 + 33.
1
10 - (-18 - -14) - 34
-20
Evaluate (-147 - -186) + (-63 - -4).
-20
Evaluate -800 + 772 + (-